{"id":10,"date":"2019-08-01T00:48:25","date_gmt":"2019-07-31T22:48:25","guid":{"rendered":"https:\/\/projektevernissage.fhstp.ac.at\/B\/?page_id=10"},"modified":"2026-03-10T09:25:10","modified_gmt":"2026-03-10T08:25:10","slug":"home","status":"publish","type":"page","link":"https:\/\/projektevernissage.ustp.at\/B\/","title":{"rendered":"Home"},"content":{"rendered":"\n<h1 class=\"wp-block-heading\">Projektevernissage<sup>Sommer<\/sup><\/h1>\n\n\n\n<h2 class=\"wp-block-heading\"><strong>16.06.2026 | 15\u201319 Uhr<\/strong> <strong>| Campus St. P\u00f6lten<\/strong><\/h2>\n\n\n\n<p>Die Projektevernissage ist die Messe der <strong>USTP \u2013 University of Applied Sciences St. P\u00f6lten<\/strong> f\u00fcr studentische Projektarbeiten in Nieder\u00f6sterreich.<\/p>\n\n\n\n<div class=\"wp-block-media-text has-media-on-the-right is-stacked-on-mobile\" style=\"grid-template-columns:auto 22%\"><div class=\"wp-block-media-text__content\">\n<p>Du m\u00f6chtest dein Projekt bei der Projektevernissage<sup>Sommer<\/sup> am 16.06.2026 pr\u00e4sentieren? <\/p>\n\n\n\n<p><a href=\"https:\/\/projektevernissage.ustp.at\/B\/projekteanmeldung\/\" data-type=\"page\" data-id=\"476\">Weiter zur Projektanmeldung.<\/a><\/p>\n<\/div><figure class=\"wp-block-media-text__media\"><img loading=\"lazy\" decoding=\"async\" width=\"560\" height=\"560\" src=\"https:\/\/projektevernissage.ustp.at\/B\/wp-content\/uploads\/2024\/04\/Button.png\" alt=\"\" class=\"wp-image-1927 size-full\" srcset=\"https:\/\/projektevernissage.ustp.at\/B\/wp-content\/uploads\/2024\/04\/Button.png 560w, https:\/\/projektevernissage.ustp.at\/B\/wp-content\/uploads\/2024\/04\/Button-300x300.png 300w, https:\/\/projektevernissage.ustp.at\/B\/wp-content\/uploads\/2024\/04\/Button-150x150.png 150w, https:\/\/projektevernissage.ustp.at\/B\/wp-content\/uploads\/2024\/04\/Button-410x410.png 410w, https:\/\/projektevernissage.ustp.at\/B\/wp-content\/uploads\/2024\/04\/Button-100x100.png 100w, https:\/\/projektevernissage.ustp.at\/B\/wp-content\/uploads\/2024\/04\/Button-275x275.png 275w\" sizes=\"auto, (max-width: 560px) 100vw, 560px\" \/><\/figure><\/div>\n\n\n\n<h3 class=\"wp-block-heading has-text-align-left\">projekte.verbinden<\/h3>\n\n\n\n<p>Die Vernissage bietet Studierenden und Lehrbeauftragten die M\u00f6glichkeit, Projektideen \u2013 und damit nicht zuletzt auch Produktideen \u2013 untereinander zu begutachten. Dadurch wird auch au\u00dferhalb der Projektgruppen ein reger Erfahrungs-, Interessens- und Lehraustausch praktiziert.&nbsp;<\/p>\n\n\n\n<div style=\"height:32px\" aria-hidden=\"true\" class=\"wp-block-spacer\"><\/div>\n\n\n\n<h2 class=\"wp-block-heading\" id=\"block-fa5c1676-e861-41aa-bb38-34f7e6dcd904\">R\u00fcckblick<\/h2>\n\n\n\n<p>Am 13. J\u00e4nner 2026 \u00f6ffneten sich zum 24. Mal die Tore der Projektevernissage der USTP.&nbsp;Ob Praxisprojekt oder Forschungsvorhaben: Die Arbeiten der Studierenden \u00fcberzeugten durch Qualit\u00e4t und Innovationspotenzial.<\/p>\n\n\n\n<p><a href=\"\/B\/siegerinnenteams-2026-winter\/\" data-type=\"link\" data-id=\"https:\/\/projektevernissage.fhstp.ac.at\/B\/siegerinnenteams-2025-sommer\/\"><strong>Hier finden Sie die Gewinner*innen der ProjektevernissageWinter 2026.<\/strong><\/a><\/p>\n\n\n\n<p><strong><a href=\"\/B\/fotogalerie-2026-winter\/\" data-type=\"page\" data-id=\"2331\">Weiter zur Fotogalerie<\/a><\/strong><\/p>\n\n\n\n<p><\/p>\n\n\n\n<p><\/p>\n\n\n\n<p><\/p>\n\n\n\n<p><\/p>\n\n\n\n<p><\/p>\n","protected":false},"excerpt":{"rendered":"<p>ProjektevernissageSommer 16.06.2026 | 15\u201319 Uhr | Campus St. P\u00f6lten Die Projektevernissage ist die Messe der USTP \u2013 University of Applied Sciences St. P\u00f6lten f\u00fcr studentische Projektarbeiten in Nieder\u00f6sterreich. Du m\u00f6chtest dein Projekt bei der ProjektevernissageSommer am 16.06.2026 pr\u00e4sentieren? Weiter zur Projektanmeldung. projekte.verbinden Die Vernissage bietet Studierenden und Lehrbeauftragten die M\u00f6glichkeit, Projektideen \u2013 und damit nicht [&hellip;]<\/p>\n","protected":false},"author":1,"featured_media":0,"parent":0,"menu_order":0,"comment_status":"closed","ping_status":"closed","template":"page-templates\/page_fullwidth.php","meta":{"footnotes":""},"class_list":["post-10","page","type-page","status-publish","hentry"],"_links":{"self":[{"href":"https:\/\/projektevernissage.ustp.at\/B\/wp-json\/wp\/v2\/pages\/10","targetHints":{"allow":["GET"]}}],"collection":[{"href":"https:\/\/projektevernissage.ustp.at\/B\/wp-json\/wp\/v2\/pages"}],"about":[{"href":"https:\/\/projektevernissage.ustp.at\/B\/wp-json\/wp\/v2\/types\/page"}],"author":[{"embeddable":true,"href":"https:\/\/projektevernissage.ustp.at\/B\/wp-json\/wp\/v2\/users\/1"}],"replies":[{"embeddable":true,"href":"https:\/\/projektevernissage.ustp.at\/B\/wp-json\/wp\/v2\/comments?post=10"}],"version-history":[{"count":150,"href":"https:\/\/projektevernissage.ustp.at\/B\/wp-json\/wp\/v2\/pages\/10\/revisions"}],"predecessor-version":[{"id":2571,"href":"https:\/\/projektevernissage.ustp.at\/B\/wp-json\/wp\/v2\/pages\/10\/revisions\/2571"}],"wp:attachment":[{"href":"https:\/\/projektevernissage.ustp.at\/B\/wp-json\/wp\/v2\/media?parent=10"}],"curies":[{"name":"wp","href":"https:\/\/api.w.org\/{rel}","templated":true}]}}

<h1 class="wp-block-heading">Projektevernissage<sup>Sommer</sup></h1>



<h2 class="wp-block-heading"><strong>16.06.2026 | 15–19 Uhr</strong> <strong>| Campus St. Pölten</strong></h2>



<p>Die Projektevernissage ist die Messe der <strong>USTP – University of Applied Sciences St. Pölten</strong> für studentische Projektarbeiten in Niederösterreich.</p>



<div class="wp-block-media-text has-media-on-the-right is-stacked-on-mobile" style="grid-template-columns:auto 22%"><div class="wp-block-media-text__content">
<p>Du möchtest dein Projekt bei der Projektevernissage<sup>Sommer</sup> am 16.06.2026 präsentieren? </p>



<p><a href="https://projektevernissage.ustp.at/B/projekteanmeldung/" data-type="page" data-id="476">Weiter zur Projektanmeldung.</a></p>
</div><figure class="wp-block-media-text__media"><img loading="lazy" decoding="async" width="560" height="560" src="https://projektevernissage.ustp.at/B/wp-content/uploads/2024/04/Button.png" alt="" class="wp-image-1927 size-full" srcset="https://projektevernissage.ustp.at/B/wp-content/uploads/2024/04/Button.png 560w, https://projektevernissage.ustp.at/B/wp-content/uploads/2024/04/Button-300x300.png 300w, https://projektevernissage.ustp.at/B/wp-content/uploads/2024/04/Button-150x150.png 150w, https://projektevernissage.ustp.at/B/wp-content/uploads/2024/04/Button-410x410.png 410w, https://projektevernissage.ustp.at/B/wp-content/uploads/2024/04/Button-100x100.png 100w, https://projektevernissage.ustp.at/B/wp-content/uploads/2024/04/Button-275x275.png 275w" sizes="auto, (max-width: 560px) 100vw, 560px" /></figure></div>



<h3 class="wp-block-heading has-text-align-left">projekte.verbinden</h3>



<p>Die Vernissage bietet Studierenden und Lehrbeauftragten die Möglichkeit, Projektideen – und damit nicht zuletzt auch Produktideen – untereinander zu begutachten. Dadurch wird auch außerhalb der Projektgruppen ein reger Erfahrungs-, Interessens- und Lehraustausch praktiziert.&nbsp;</p>



<div style="height:32px" aria-hidden="true" class="wp-block-spacer"></div>



<h2 class="wp-block-heading" id="block-fa5c1676-e861-41aa-bb38-34f7e6dcd904">Rückblick</h2>



<p>Am 13. Jänner 2026 öffneten sich zum 24. Mal die Tore der Projektevernissage der USTP.&nbsp;Ob Praxisprojekt oder Forschungsvorhaben: Die Arbeiten der Studierenden überzeugten durch Qualität und Innovationspotenzial.</p>



<p><a href="/B/siegerinnenteams-2026-winter/" data-type="link" data-id="https://projektevernissage.fhstp.ac.at/B/siegerinnenteams-2025-sommer/"><strong>Hier finden Sie die Gewinner*innen der ProjektevernissageWinter 2026.</strong></a></p>



<p><strong><a href="/B/fotogalerie-2026-winter/" data-type="page" data-id="2331">Weiter zur Fotogalerie</a></strong></p>



<p></p>



<p></p>



<p></p>



<p></p>



<p></p>

<p>ProjektevernissageSommer 16.06.2026 | 15–19 Uhr | Campus St. Pölten Die Projektevernissage ist die Messe der USTP – University of Applied Sciences St. Pölten für studentische Projektarbeiten in Niederösterreich. Du möchtest dein Projekt bei der ProjektevernissageSommer am 16.06.2026 präsentieren? Weiter zur Projektanmeldung. projekte.verbinden Die Vernissage bietet Studierenden und Lehrbeauftragten die Möglichkeit, Projektideen – und damit nicht [&hellip;]</p>
