{"id":108,"date":"2019-08-08T14:48:03","date_gmt":"2019-08-08T12:48:03","guid":{"rendered":"https:\/\/projektevernissage.fhstp.ac.at\/B\/?page_id=108"},"modified":"2019-08-08T15:13:26","modified_gmt":"2019-08-08T13:13:26","slug":"2019-schmerz-die-sprache-machts","status":"publish","type":"page","link":"https:\/\/projektevernissage.ustp.at\/B\/siegerinnenteams-2019\/2019-schmerz-die-sprache-machts\/","title":{"rendered":"2019 Schmerz \u2013 die Sprache macht\u2019s!"},"content":{"rendered":"\n<div class=\"blue-border-title\">\n<span>1. Platz in der Kategorie Gesundheit<\/span>\n<h1>Schmerz \u2013 die Sprache macht\u2019s!\n<\/h1><\/div>\n\n\n\n\n<p><strong>Das Projekt besch\u00e4ftigt sich mit der Darstellung der biopsychosozialen Bedeutung von Schmerz in der Kommunikation w\u00e4hrend des physiotherapeutischen Befundes.<\/strong><\/p>\n\n\n\n<p>Oftmals sind physische Ursachen nicht allein f\u00fcr die Symptome von PatientInnen verantwortlich. Auch andere Faktoren, wie die Wortwahl der zu behandelnden PhysiotherapeutInnen, k\u00f6nnen Auswirkungen auf St\u00e4rke, Ausma\u00df und Dauer der Symptome haben. Die Kommunikation von PhysiotherapeutInnen gegen\u00fcber ihren PatientInnen und vor allem das Schl\u00fcsselwort \u201eSchmerz\u201c sind in diesem Zusammenhang oft ein Hindernis f\u00fcr die optimale Genesung. Dieses Projekt zielt deshalb darauf ab, Personen mit PatientInnenkontakt in Bezug auf ihre Wortwahl zu sensibilisieren. Die StandbesucherInnen werden auf zwei Ebenen mit dem Thema konfrontiert. Sie schl\u00fcpfen dabei in die Rolle von PatientInnen, welche es mit zwei verschiedenen Arten der Kommunikation zu tun bekommen. Die StandbesucherInnen machen dabei pers\u00f6nliche Erfahrungen mit der Wortwahl von TherapeutInnen und werden im Verlauf \u00fcber die Grundlagen des biopsychosozialen Einflusses von Schmerz auf die Einstellung der Patienten zu deren Symptomen informiert.<\/p>\n\n\n\n<p><strong>Studiengang<\/strong>: Physiotherapie<br><strong>Lehrveranstaltung<\/strong>: PROARB3 UE<br><strong>Lehrbeauftragte(r)<\/strong>: Michaela Neubauer<br><strong>Teamleader<\/strong>: Kerstin Prock<br><strong>Projektmitglieder<\/strong>:<\/p>\n\n\n\n<ul class=\"wp-block-list\"><li>David P\u00f6tschner (pt171028)<\/li><li>Kerstin Prock (pt171029)<\/li><li>Giulia Raberger (pt171031)<\/li><li>Kathrin Reisinger (pt171032)<\/li><\/ul>\n\n\n\n<ul class=\"wp-block-gallery columns-2 is-cropped wp-block-gallery-1 is-layout-flex wp-block-gallery-is-layout-flex\"><li class=\"blocks-gallery-item\"><figure><a href=\"https:\/\/projektevernissage.fhstp.ac.at\/B\/wp-content\/uploads\/2019\/08\/Gesundheit.jpg\"><img loading=\"lazy\" decoding=\"async\" width=\"750\" height=\"500\" src=\"https:\/\/projektevernissage.fhstp.ac.at\/B\/wp-content\/uploads\/2019\/08\/Gesundheit.jpg\" alt=\"\" data-id=\"110\" data-link=\"https:\/\/projektevernissage.fhstp.ac.at\/B\/?attachment_id=110\" class=\"wp-image-110\" srcset=\"https:\/\/projektevernissage.ustp.at\/B\/wp-content\/uploads\/2019\/08\/Gesundheit.jpg 750w, https:\/\/projektevernissage.ustp.at\/B\/wp-content\/uploads\/2019\/08\/Gesundheit-300x200.jpg 300w, https:\/\/projektevernissage.ustp.at\/B\/wp-content\/uploads\/2019\/08\/Gesundheit-700x467.jpg 700w, https:\/\/projektevernissage.ustp.at\/B\/wp-content\/uploads\/2019\/08\/Gesundheit-410x273.jpg 410w, https:\/\/projektevernissage.ustp.at\/B\/wp-content\/uploads\/2019\/08\/Gesundheit-100x67.jpg 100w, https:\/\/projektevernissage.ustp.at\/B\/wp-content\/uploads\/2019\/08\/Gesundheit-275x183.jpg 275w\" sizes=\"auto, (max-width: 750px) 100vw, 750px\" \/><\/a><figcaption> \u00a9 FH St. P\u00f6lten | Felix Deschmann <\/figcaption><\/figure><\/li><li class=\"blocks-gallery-item\"><figure><a href=\"https:\/\/projektevernissage.fhstp.ac.at\/B\/wp-content\/uploads\/2019\/08\/Stand_41_Gesundheit.jpg\"><img loading=\"lazy\" decoding=\"async\" width=\"750\" height=\"500\" src=\"https:\/\/projektevernissage.fhstp.ac.at\/B\/wp-content\/uploads\/2019\/08\/Stand_41_Gesundheit.jpg\" alt=\"\" data-id=\"111\" data-link=\"https:\/\/projektevernissage.fhstp.ac.at\/B\/?attachment_id=111\" class=\"wp-image-111\" srcset=\"https:\/\/projektevernissage.ustp.at\/B\/wp-content\/uploads\/2019\/08\/Stand_41_Gesundheit.jpg 750w, https:\/\/projektevernissage.ustp.at\/B\/wp-content\/uploads\/2019\/08\/Stand_41_Gesundheit-300x200.jpg 300w, https:\/\/projektevernissage.ustp.at\/B\/wp-content\/uploads\/2019\/08\/Stand_41_Gesundheit-700x467.jpg 700w, https:\/\/projektevernissage.ustp.at\/B\/wp-content\/uploads\/2019\/08\/Stand_41_Gesundheit-410x273.jpg 410w, https:\/\/projektevernissage.ustp.at\/B\/wp-content\/uploads\/2019\/08\/Stand_41_Gesundheit-100x67.jpg 100w, https:\/\/projektevernissage.ustp.at\/B\/wp-content\/uploads\/2019\/08\/Stand_41_Gesundheit-275x183.jpg 275w\" sizes=\"auto, (max-width: 750px) 100vw, 750px\" \/><\/a><figcaption> \u00a9 FH St. P\u00f6lten | Felix Deschmann <\/figcaption><\/figure><\/li><\/ul>\n","protected":false},"excerpt":{"rendered":"<p>1. Platz in der Kategorie Gesundheit Schmerz \u2013 die Sprache macht\u2019s! Das Projekt besch\u00e4ftigt sich mit der Darstellung der biopsychosozialen Bedeutung von Schmerz in der Kommunikation w\u00e4hrend des physiotherapeutischen Befundes. Oftmals sind physische Ursachen nicht allein f\u00fcr die Symptome von PatientInnen verantwortlich. Auch andere Faktoren, wie die Wortwahl der zu behandelnden PhysiotherapeutInnen, k\u00f6nnen Auswirkungen auf [&hellip;]<\/p>\n","protected":false},"author":1,"featured_media":0,"parent":60,"menu_order":0,"comment_status":"closed","ping_status":"closed","template":"page-templates\/page_fullwidth.php","meta":{"footnotes":""},"class_list":["post-108","page","type-page","status-publish","hentry"],"_links":{"self":[{"href":"https:\/\/projektevernissage.ustp.at\/B\/wp-json\/wp\/v2\/pages\/108","targetHints":{"allow":["GET"]}}],"collection":[{"href":"https:\/\/projektevernissage.ustp.at\/B\/wp-json\/wp\/v2\/pages"}],"about":[{"href":"https:\/\/projektevernissage.ustp.at\/B\/wp-json\/wp\/v2\/types\/page"}],"author":[{"embeddable":true,"href":"https:\/\/projektevernissage.ustp.at\/B\/wp-json\/wp\/v2\/users\/1"}],"replies":[{"embeddable":true,"href":"https:\/\/projektevernissage.ustp.at\/B\/wp-json\/wp\/v2\/comments?post=108"}],"version-history":[{"count":2,"href":"https:\/\/projektevernissage.ustp.at\/B\/wp-json\/wp\/v2\/pages\/108\/revisions"}],"predecessor-version":[{"id":112,"href":"https:\/\/projektevernissage.ustp.at\/B\/wp-json\/wp\/v2\/pages\/108\/revisions\/112"}],"up":[{"embeddable":true,"href":"https:\/\/projektevernissage.ustp.at\/B\/wp-json\/wp\/v2\/pages\/60"}],"wp:attachment":[{"href":"https:\/\/projektevernissage.ustp.at\/B\/wp-json\/wp\/v2\/media?parent=108"}],"curies":[{"name":"wp","href":"https:\/\/api.w.org\/{rel}","templated":true}]}}

<div class="blue-border-title">
<span>1. Platz in der Kategorie Gesundheit</span>
<h1>Schmerz – die Sprache macht’s!
</h1></div>




<p><strong>Das Projekt beschäftigt sich mit der Darstellung der biopsychosozialen Bedeutung von Schmerz in der Kommunikation während des physiotherapeutischen Befundes.</strong></p>



<p>Oftmals sind physische Ursachen nicht allein für die Symptome von PatientInnen verantwortlich. Auch andere Faktoren, wie die Wortwahl der zu behandelnden PhysiotherapeutInnen, können Auswirkungen auf Stärke, Ausmaß und Dauer der Symptome haben. Die Kommunikation von PhysiotherapeutInnen gegenüber ihren PatientInnen und vor allem das Schlüsselwort „Schmerz“ sind in diesem Zusammenhang oft ein Hindernis für die optimale Genesung. Dieses Projekt zielt deshalb darauf ab, Personen mit PatientInnenkontakt in Bezug auf ihre Wortwahl zu sensibilisieren. Die StandbesucherInnen werden auf zwei Ebenen mit dem Thema konfrontiert. Sie schlüpfen dabei in die Rolle von PatientInnen, welche es mit zwei verschiedenen Arten der Kommunikation zu tun bekommen. Die StandbesucherInnen machen dabei persönliche Erfahrungen mit der Wortwahl von TherapeutInnen und werden im Verlauf über die Grundlagen des biopsychosozialen Einflusses von Schmerz auf die Einstellung der Patienten zu deren Symptomen informiert.</p>



<p><strong>Studiengang</strong>: Physiotherapie<br><strong>Lehrveranstaltung</strong>: PROARB3 UE<br><strong>Lehrbeauftragte(r)</strong>: Michaela Neubauer<br><strong>Teamleader</strong>: Kerstin Prock<br><strong>Projektmitglieder</strong>:</p>



<ul class="wp-block-list"><li>David Pötschner (pt171028)</li><li>Kerstin Prock (pt171029)</li><li>Giulia Raberger (pt171031)</li><li>Kathrin Reisinger (pt171032)</li></ul>



<ul class="wp-block-gallery columns-2 is-cropped wp-block-gallery-1 is-layout-flex wp-block-gallery-is-layout-flex"><li class="blocks-gallery-item"><figure><a href="https://projektevernissage.fhstp.ac.at/B/wp-content/uploads/2019/08/Gesundheit.jpg"><img loading="lazy" decoding="async" width="750" height="500" src="https://projektevernissage.fhstp.ac.at/B/wp-content/uploads/2019/08/Gesundheit.jpg" alt="" data-id="110" data-link="https://projektevernissage.fhstp.ac.at/B/?attachment_id=110" class="wp-image-110" srcset="https://projektevernissage.ustp.at/B/wp-content/uploads/2019/08/Gesundheit.jpg 750w, https://projektevernissage.ustp.at/B/wp-content/uploads/2019/08/Gesundheit-300x200.jpg 300w, https://projektevernissage.ustp.at/B/wp-content/uploads/2019/08/Gesundheit-700x467.jpg 700w, https://projektevernissage.ustp.at/B/wp-content/uploads/2019/08/Gesundheit-410x273.jpg 410w, https://projektevernissage.ustp.at/B/wp-content/uploads/2019/08/Gesundheit-100x67.jpg 100w, https://projektevernissage.ustp.at/B/wp-content/uploads/2019/08/Gesundheit-275x183.jpg 275w" sizes="auto, (max-width: 750px) 100vw, 750px" /></a><figcaption> © FH St. Pölten | Felix Deschmann </figcaption></figure></li><li class="blocks-gallery-item"><figure><a href="https://projektevernissage.fhstp.ac.at/B/wp-content/uploads/2019/08/Stand_41_Gesundheit.jpg"><img loading="lazy" decoding="async" width="750" height="500" src="https://projektevernissage.fhstp.ac.at/B/wp-content/uploads/2019/08/Stand_41_Gesundheit.jpg" alt="" data-id="111" data-link="https://projektevernissage.fhstp.ac.at/B/?attachment_id=111" class="wp-image-111" srcset="https://projektevernissage.ustp.at/B/wp-content/uploads/2019/08/Stand_41_Gesundheit.jpg 750w, https://projektevernissage.ustp.at/B/wp-content/uploads/2019/08/Stand_41_Gesundheit-300x200.jpg 300w, https://projektevernissage.ustp.at/B/wp-content/uploads/2019/08/Stand_41_Gesundheit-700x467.jpg 700w, https://projektevernissage.ustp.at/B/wp-content/uploads/2019/08/Stand_41_Gesundheit-410x273.jpg 410w, https://projektevernissage.ustp.at/B/wp-content/uploads/2019/08/Stand_41_Gesundheit-100x67.jpg 100w, https://projektevernissage.ustp.at/B/wp-content/uploads/2019/08/Stand_41_Gesundheit-275x183.jpg 275w" sizes="auto, (max-width: 750px) 100vw, 750px" /></a><figcaption> © FH St. Pölten | Felix Deschmann </figcaption></figure></li></ul>

<p>1. Platz in der Kategorie Gesundheit Schmerz – die Sprache macht’s! Das Projekt beschäftigt sich mit der Darstellung der biopsychosozialen Bedeutung von Schmerz in der Kommunikation während des physiotherapeutischen Befundes. Oftmals sind physische Ursachen nicht allein für die Symptome von PatientInnen verantwortlich. Auch andere Faktoren, wie die Wortwahl der zu behandelnden PhysiotherapeutInnen, können Auswirkungen auf [&hellip;]</p>
