{"id":113,"date":"2019-08-08T14:52:20","date_gmt":"2019-08-08T12:52:20","guid":{"rendered":"https:\/\/projektevernissage.fhstp.ac.at\/B\/?page_id=113"},"modified":"2019-08-08T15:12:50","modified_gmt":"2019-08-08T13:12:50","slug":"2019-musikvideo-goodvibes","status":"publish","type":"page","link":"https:\/\/projektevernissage.ustp.at\/B\/siegerinnenteams-2019\/2019-musikvideo-goodvibes\/","title":{"rendered":"2019 Musikvideo GoodVibes"},"content":{"rendered":"\n<div class=\"blue-border-title\">\n<span>1. Platz in der Kategorie Bewegtbild &amp; Kommunikationskonzepte<\/span>\n<h1>Musikvideo GoodVibes\n<\/h1><\/div>\n\n\n\n<figure class=\"wp-block-image is-resized\"><img loading=\"lazy\" decoding=\"async\" src=\"https:\/\/projektevernissage.fhstp.ac.at\/B\/wp-content\/uploads\/2019\/08\/Musikvideo-GoodVibes-768x768.png\" alt=\"\" class=\"wp-image-114\" width=\"192\" height=\"192\" srcset=\"https:\/\/projektevernissage.ustp.at\/B\/wp-content\/uploads\/2019\/08\/Musikvideo-GoodVibes-768x768.png 768w, https:\/\/projektevernissage.ustp.at\/B\/wp-content\/uploads\/2019\/08\/Musikvideo-GoodVibes-768x768-150x150.png 150w, https:\/\/projektevernissage.ustp.at\/B\/wp-content\/uploads\/2019\/08\/Musikvideo-GoodVibes-768x768-300x300.png 300w, https:\/\/projektevernissage.ustp.at\/B\/wp-content\/uploads\/2019\/08\/Musikvideo-GoodVibes-768x768-700x700.png 700w, https:\/\/projektevernissage.ustp.at\/B\/wp-content\/uploads\/2019\/08\/Musikvideo-GoodVibes-768x768-410x410.png 410w, https:\/\/projektevernissage.ustp.at\/B\/wp-content\/uploads\/2019\/08\/Musikvideo-GoodVibes-768x768-100x100.png 100w, https:\/\/projektevernissage.ustp.at\/B\/wp-content\/uploads\/2019\/08\/Musikvideo-GoodVibes-768x768-275x275.png 275w\" sizes=\"auto, (max-width: 192px) 100vw, 192px\" \/><figcaption> \u00a9 Team Musikvideo GoodVibes <\/figcaption><\/figure>\n\n\n\n<p><strong>Musikvideo, Freunde schwelgen in Erinnerungen an vergangene Sommertage.<\/strong><\/p>\n\n\n\n<p>Das Musikvideo zum Song \u201cGoodVibes\u201d wurde von Medienmanagementstudentinnen im 3.Semester als Projekt im Praxislabor Bewegtbild gedreht. Der Song stammt von Anna Pfeiffer und Peter Hackl-Lehner. Im Vordergrund stehen zwei junge Erwachsene, die sich im k\u00fchlen Herbst warme Sommerstrahlen w\u00fcnschen und sich im stressigen Alltag die Leichtigkeit der vergangenen Sommertage zur\u00fcck ersehnen. Sie sprechen \u00fcber die langen N\u00e4chte mit guten Freunden am See, mit tiefgr\u00fcndigen Gespr\u00e4chen, die unvergessliche Erinnerungen schufen. Im Video treffen sie wieder auf ihre Freunde und pl\u00f6tzlich f\u00fchlt es sich an als h\u00e4tte sich nie etwas ge\u00e4ndert. F\u00fcr die Freundesgruppe steht die Zeit still, wenn sie gemeinsam Zeit verbringen. Sie erinnern sich gemeinsam an Insider, singen wieder alte Liedtexte, sto\u00dfen nocheinmal an. Sie f\u00fchlen sie: die GoodVibes.<\/p>\n\n\n\n<p><strong>Studiengang<\/strong>: Medienmanagement<br><strong>Lehrveranstaltung<\/strong>: Praxislabor Bewegtbild<br><strong>Lehrbeauftragte(r)<\/strong>: Martin Janscha<br><strong>Teamleader<\/strong>: Anna Pfeiffer<br><strong>Projektmitglieder<\/strong>:<\/p>\n\n\n\n<ul class=\"wp-block-list\"><li>Stefanie Haag (mm171019)<\/li><li>Alexandra Hofstetter (mm171029)<\/li><li>Anna Pfeiffer (mm171055)<\/li><li>Verena P\u00f6lzl (mm171059)<\/li><\/ul>\n\n\n\n<ul class=\"wp-block-gallery columns-2 is-cropped wp-block-gallery-1 is-layout-flex wp-block-gallery-is-layout-flex\"><li class=\"blocks-gallery-item\"><figure><a href=\"https:\/\/projektevernissage.fhstp.ac.at\/B\/wp-content\/uploads\/2019\/08\/Bewegtbild_Kommunikationskonzepte.jpg\"><img loading=\"lazy\" decoding=\"async\" width=\"750\" height=\"500\" src=\"https:\/\/projektevernissage.fhstp.ac.at\/B\/wp-content\/uploads\/2019\/08\/Bewegtbild_Kommunikationskonzepte.jpg\" alt=\"\" data-id=\"115\" data-link=\"https:\/\/projektevernissage.fhstp.ac.at\/B\/?attachment_id=115\" class=\"wp-image-115\" srcset=\"https:\/\/projektevernissage.ustp.at\/B\/wp-content\/uploads\/2019\/08\/Bewegtbild_Kommunikationskonzepte.jpg 750w, https:\/\/projektevernissage.ustp.at\/B\/wp-content\/uploads\/2019\/08\/Bewegtbild_Kommunikationskonzepte-300x200.jpg 300w, https:\/\/projektevernissage.ustp.at\/B\/wp-content\/uploads\/2019\/08\/Bewegtbild_Kommunikationskonzepte-700x467.jpg 700w, https:\/\/projektevernissage.ustp.at\/B\/wp-content\/uploads\/2019\/08\/Bewegtbild_Kommunikationskonzepte-410x273.jpg 410w, https:\/\/projektevernissage.ustp.at\/B\/wp-content\/uploads\/2019\/08\/Bewegtbild_Kommunikationskonzepte-100x67.jpg 100w, https:\/\/projektevernissage.ustp.at\/B\/wp-content\/uploads\/2019\/08\/Bewegtbild_Kommunikationskonzepte-275x183.jpg 275w\" sizes=\"auto, (max-width: 750px) 100vw, 750px\" \/><\/a><figcaption> \u00a9 FH St. P\u00f6lten | Felix Deschmann <\/figcaption><\/figure><\/li><li class=\"blocks-gallery-item\"><figure><a href=\"https:\/\/projektevernissage.fhstp.ac.at\/B\/wp-content\/uploads\/2019\/08\/Stad_8_Bewegtbild-1.jpg\"><img loading=\"lazy\" decoding=\"async\" width=\"750\" height=\"500\" src=\"https:\/\/projektevernissage.fhstp.ac.at\/B\/wp-content\/uploads\/2019\/08\/Stad_8_Bewegtbild-1.jpg\" alt=\"\" data-id=\"116\" data-link=\"https:\/\/projektevernissage.fhstp.ac.at\/B\/?attachment_id=116\" class=\"wp-image-116\" srcset=\"https:\/\/projektevernissage.ustp.at\/B\/wp-content\/uploads\/2019\/08\/Stad_8_Bewegtbild-1.jpg 750w, https:\/\/projektevernissage.ustp.at\/B\/wp-content\/uploads\/2019\/08\/Stad_8_Bewegtbild-1-300x200.jpg 300w, https:\/\/projektevernissage.ustp.at\/B\/wp-content\/uploads\/2019\/08\/Stad_8_Bewegtbild-1-700x467.jpg 700w, https:\/\/projektevernissage.ustp.at\/B\/wp-content\/uploads\/2019\/08\/Stad_8_Bewegtbild-1-410x273.jpg 410w, https:\/\/projektevernissage.ustp.at\/B\/wp-content\/uploads\/2019\/08\/Stad_8_Bewegtbild-1-100x67.jpg 100w, https:\/\/projektevernissage.ustp.at\/B\/wp-content\/uploads\/2019\/08\/Stad_8_Bewegtbild-1-275x183.jpg 275w\" sizes=\"auto, (max-width: 750px) 100vw, 750px\" \/><\/a><figcaption> \u00a9 FH St. P\u00f6lten | Felix Deschmann <\/figcaption><\/figure><\/li><\/ul>\n","protected":false},"excerpt":{"rendered":"<p>1. Platz in der Kategorie Bewegtbild &amp; Kommunikationskonzepte Musikvideo GoodVibes Musikvideo, Freunde schwelgen in Erinnerungen an vergangene Sommertage. Das Musikvideo zum Song \u201cGoodVibes\u201d wurde von Medienmanagementstudentinnen im 3.Semester als Projekt im Praxislabor Bewegtbild gedreht. Der Song stammt von Anna Pfeiffer und Peter Hackl-Lehner. Im Vordergrund stehen zwei junge Erwachsene, die sich im k\u00fchlen Herbst warme [&hellip;]<\/p>\n","protected":false},"author":1,"featured_media":0,"parent":60,"menu_order":0,"comment_status":"closed","ping_status":"closed","template":"page-templates\/page_fullwidth.php","meta":{"footnotes":""},"class_list":["post-113","page","type-page","status-publish","hentry"],"_links":{"self":[{"href":"https:\/\/projektevernissage.ustp.at\/B\/wp-json\/wp\/v2\/pages\/113","targetHints":{"allow":["GET"]}}],"collection":[{"href":"https:\/\/projektevernissage.ustp.at\/B\/wp-json\/wp\/v2\/pages"}],"about":[{"href":"https:\/\/projektevernissage.ustp.at\/B\/wp-json\/wp\/v2\/types\/page"}],"author":[{"embeddable":true,"href":"https:\/\/projektevernissage.ustp.at\/B\/wp-json\/wp\/v2\/users\/1"}],"replies":[{"embeddable":true,"href":"https:\/\/projektevernissage.ustp.at\/B\/wp-json\/wp\/v2\/comments?post=113"}],"version-history":[{"count":2,"href":"https:\/\/projektevernissage.ustp.at\/B\/wp-json\/wp\/v2\/pages\/113\/revisions"}],"predecessor-version":[{"id":118,"href":"https:\/\/projektevernissage.ustp.at\/B\/wp-json\/wp\/v2\/pages\/113\/revisions\/118"}],"up":[{"embeddable":true,"href":"https:\/\/projektevernissage.ustp.at\/B\/wp-json\/wp\/v2\/pages\/60"}],"wp:attachment":[{"href":"https:\/\/projektevernissage.ustp.at\/B\/wp-json\/wp\/v2\/media?parent=113"}],"curies":[{"name":"wp","href":"https:\/\/api.w.org\/{rel}","templated":true}]}}

<div class="blue-border-title">
<span>1. Platz in der Kategorie Bewegtbild &amp; Kommunikationskonzepte</span>
<h1>Musikvideo GoodVibes
</h1></div>



<figure class="wp-block-image is-resized"><img loading="lazy" decoding="async" src="https://projektevernissage.fhstp.ac.at/B/wp-content/uploads/2019/08/Musikvideo-GoodVibes-768x768.png" alt="" class="wp-image-114" width="192" height="192" srcset="https://projektevernissage.ustp.at/B/wp-content/uploads/2019/08/Musikvideo-GoodVibes-768x768.png 768w, https://projektevernissage.ustp.at/B/wp-content/uploads/2019/08/Musikvideo-GoodVibes-768x768-150x150.png 150w, https://projektevernissage.ustp.at/B/wp-content/uploads/2019/08/Musikvideo-GoodVibes-768x768-300x300.png 300w, https://projektevernissage.ustp.at/B/wp-content/uploads/2019/08/Musikvideo-GoodVibes-768x768-700x700.png 700w, https://projektevernissage.ustp.at/B/wp-content/uploads/2019/08/Musikvideo-GoodVibes-768x768-410x410.png 410w, https://projektevernissage.ustp.at/B/wp-content/uploads/2019/08/Musikvideo-GoodVibes-768x768-100x100.png 100w, https://projektevernissage.ustp.at/B/wp-content/uploads/2019/08/Musikvideo-GoodVibes-768x768-275x275.png 275w" sizes="auto, (max-width: 192px) 100vw, 192px" /><figcaption> © Team Musikvideo GoodVibes </figcaption></figure>



<p><strong>Musikvideo, Freunde schwelgen in Erinnerungen an vergangene Sommertage.</strong></p>



<p>Das Musikvideo zum Song “GoodVibes” wurde von Medienmanagementstudentinnen im 3.Semester als Projekt im Praxislabor Bewegtbild gedreht. Der Song stammt von Anna Pfeiffer und Peter Hackl-Lehner. Im Vordergrund stehen zwei junge Erwachsene, die sich im kühlen Herbst warme Sommerstrahlen wünschen und sich im stressigen Alltag die Leichtigkeit der vergangenen Sommertage zurück ersehnen. Sie sprechen über die langen Nächte mit guten Freunden am See, mit tiefgründigen Gesprächen, die unvergessliche Erinnerungen schufen. Im Video treffen sie wieder auf ihre Freunde und plötzlich fühlt es sich an als hätte sich nie etwas geändert. Für die Freundesgruppe steht die Zeit still, wenn sie gemeinsam Zeit verbringen. Sie erinnern sich gemeinsam an Insider, singen wieder alte Liedtexte, stoßen nocheinmal an. Sie fühlen sie: die GoodVibes.</p>



<p><strong>Studiengang</strong>: Medienmanagement<br><strong>Lehrveranstaltung</strong>: Praxislabor Bewegtbild<br><strong>Lehrbeauftragte(r)</strong>: Martin Janscha<br><strong>Teamleader</strong>: Anna Pfeiffer<br><strong>Projektmitglieder</strong>:</p>



<ul class="wp-block-list"><li>Stefanie Haag (mm171019)</li><li>Alexandra Hofstetter (mm171029)</li><li>Anna Pfeiffer (mm171055)</li><li>Verena Pölzl (mm171059)</li></ul>



<ul class="wp-block-gallery columns-2 is-cropped wp-block-gallery-1 is-layout-flex wp-block-gallery-is-layout-flex"><li class="blocks-gallery-item"><figure><a href="https://projektevernissage.fhstp.ac.at/B/wp-content/uploads/2019/08/Bewegtbild_Kommunikationskonzepte.jpg"><img loading="lazy" decoding="async" width="750" height="500" src="https://projektevernissage.fhstp.ac.at/B/wp-content/uploads/2019/08/Bewegtbild_Kommunikationskonzepte.jpg" alt="" data-id="115" data-link="https://projektevernissage.fhstp.ac.at/B/?attachment_id=115" class="wp-image-115" srcset="https://projektevernissage.ustp.at/B/wp-content/uploads/2019/08/Bewegtbild_Kommunikationskonzepte.jpg 750w, https://projektevernissage.ustp.at/B/wp-content/uploads/2019/08/Bewegtbild_Kommunikationskonzepte-300x200.jpg 300w, https://projektevernissage.ustp.at/B/wp-content/uploads/2019/08/Bewegtbild_Kommunikationskonzepte-700x467.jpg 700w, https://projektevernissage.ustp.at/B/wp-content/uploads/2019/08/Bewegtbild_Kommunikationskonzepte-410x273.jpg 410w, https://projektevernissage.ustp.at/B/wp-content/uploads/2019/08/Bewegtbild_Kommunikationskonzepte-100x67.jpg 100w, https://projektevernissage.ustp.at/B/wp-content/uploads/2019/08/Bewegtbild_Kommunikationskonzepte-275x183.jpg 275w" sizes="auto, (max-width: 750px) 100vw, 750px" /></a><figcaption> © FH St. Pölten | Felix Deschmann </figcaption></figure></li><li class="blocks-gallery-item"><figure><a href="https://projektevernissage.fhstp.ac.at/B/wp-content/uploads/2019/08/Stad_8_Bewegtbild-1.jpg"><img loading="lazy" decoding="async" width="750" height="500" src="https://projektevernissage.fhstp.ac.at/B/wp-content/uploads/2019/08/Stad_8_Bewegtbild-1.jpg" alt="" data-id="116" data-link="https://projektevernissage.fhstp.ac.at/B/?attachment_id=116" class="wp-image-116" srcset="https://projektevernissage.ustp.at/B/wp-content/uploads/2019/08/Stad_8_Bewegtbild-1.jpg 750w, https://projektevernissage.ustp.at/B/wp-content/uploads/2019/08/Stad_8_Bewegtbild-1-300x200.jpg 300w, https://projektevernissage.ustp.at/B/wp-content/uploads/2019/08/Stad_8_Bewegtbild-1-700x467.jpg 700w, https://projektevernissage.ustp.at/B/wp-content/uploads/2019/08/Stad_8_Bewegtbild-1-410x273.jpg 410w, https://projektevernissage.ustp.at/B/wp-content/uploads/2019/08/Stad_8_Bewegtbild-1-100x67.jpg 100w, https://projektevernissage.ustp.at/B/wp-content/uploads/2019/08/Stad_8_Bewegtbild-1-275x183.jpg 275w" sizes="auto, (max-width: 750px) 100vw, 750px" /></a><figcaption> © FH St. Pölten | Felix Deschmann </figcaption></figure></li></ul>

<p>1. Platz in der Kategorie Bewegtbild &amp; Kommunikationskonzepte Musikvideo GoodVibes Musikvideo, Freunde schwelgen in Erinnerungen an vergangene Sommertage. Das Musikvideo zum Song “GoodVibes” wurde von Medienmanagementstudentinnen im 3.Semester als Projekt im Praxislabor Bewegtbild gedreht. Der Song stammt von Anna Pfeiffer und Peter Hackl-Lehner. Im Vordergrund stehen zwei junge Erwachsene, die sich im kühlen Herbst warme [&hellip;]</p>
