{"id":119,"date":"2019-08-08T14:57:15","date_gmt":"2019-08-08T12:57:15","guid":{"rendered":"https:\/\/projektevernissage.fhstp.ac.at\/B\/?page_id=119"},"modified":"2019-08-08T15:14:08","modified_gmt":"2019-08-08T13:14:08","slug":"2019-welche-ziele-moeglichkeiten-und-ansaetze-haben-menschen-mit-beeintraechtigungen-zur-selbstbestimmung-und-in-weiterer-folge-zur-selbstverwirklichung","status":"publish","type":"page","link":"https:\/\/projektevernissage.ustp.at\/B\/siegerinnenteams-2019\/2019-welche-ziele-moeglichkeiten-und-ansaetze-haben-menschen-mit-beeintraechtigungen-zur-selbstbestimmung-und-in-weiterer-folge-zur-selbstverwirklichung\/","title":{"rendered":"2019 Welche Ziele, M\u00f6glichkeiten und Ans\u00e4tze haben Menschen mit Beeintr\u00e4chtigungen zur Selbstbestimmung und in weiterer Folge zur Selbstverwirklichung?"},"content":{"rendered":"\n<div class=\"blue-border-title\">\n<span>1. Platz in der Kategorie Soziales<\/span>\n<h1>Welche Ziele, M\u00f6glichkeiten und Ans\u00e4tze haben Menschen mit Beeintr\u00e4chtigungen zur Selbstbestimmung und in weiterer Folge zur Selbstverwirklichung?\n<\/h1><\/div>\n\n\n\n<figure class=\"wp-block-image is-resized\"><img loading=\"lazy\" decoding=\"async\" src=\"https:\/\/projektevernissage.fhstp.ac.at\/B\/wp-content\/uploads\/2019\/08\/2018-11-02-09-54-08140122_Gleiche_Chancen-768x512.jpg\" alt=\"\" class=\"wp-image-124\" width=\"384\" height=\"256\" srcset=\"https:\/\/projektevernissage.ustp.at\/B\/wp-content\/uploads\/2019\/08\/2018-11-02-09-54-08140122_Gleiche_Chancen-768x512.jpg 768w, https:\/\/projektevernissage.ustp.at\/B\/wp-content\/uploads\/2019\/08\/2018-11-02-09-54-08140122_Gleiche_Chancen-768x512-300x200.jpg 300w, https:\/\/projektevernissage.ustp.at\/B\/wp-content\/uploads\/2019\/08\/2018-11-02-09-54-08140122_Gleiche_Chancen-768x512-700x467.jpg 700w, https:\/\/projektevernissage.ustp.at\/B\/wp-content\/uploads\/2019\/08\/2018-11-02-09-54-08140122_Gleiche_Chancen-768x512-410x273.jpg 410w, https:\/\/projektevernissage.ustp.at\/B\/wp-content\/uploads\/2019\/08\/2018-11-02-09-54-08140122_Gleiche_Chancen-768x512-100x67.jpg 100w, https:\/\/projektevernissage.ustp.at\/B\/wp-content\/uploads\/2019\/08\/2018-11-02-09-54-08140122_Gleiche_Chancen-768x512-275x183.jpg 275w\" sizes=\"auto, (max-width: 384px) 100vw, 384px\" \/><\/figure>\n\n\n\n<p><strong>Wir untersuchen ob Demokratisierungsprozesse den Freiheitsgrad von Menschen mit Beeintr\u00e4chtigungen erh\u00f6hen.<\/strong><\/p>\n\n\n\n<p>Seit der UN-Konvention f\u00fcr die Rechte von Menschen mit Behinderungen, ist Selbstvertretung ein Bestandteil in den Behinderten- und Chancengleichheitsgesetzen der L\u00e4nder. Das Projekt soll (anhand von Beispielen) der Frage nachgehen, wie weit diese Vorgabe in der Praxis der Behindertenarbeit (Wohnen, Tagesstruktur) auch gelebt wird, welche realen Gestaltungsm\u00f6glichkeiten und welche Ressourcen der Gestaltung sie haben. Dar\u00fcber hinaus soll der Frage nachgegangen werden, ob der gew\u00e4hlte top-down-Ansatz zur Etablierung partizipativer Strukturen geeignet ist oder ob es zumindest auch paralleler Entwicklungen bottom up (also seitens der Betroffenen) braucht. Anhand einzelner Untersuchungen (Thesen) soll die Praxis in verschiedenen Organisationen analysiert werden, es soll aber auch auf theoretischer Ebene an den Grundlagen m\u00f6glicher Implementation demokratischer Strukturen (vor dem Hintergrund einer nicht immer demokratischen Wirtschafts- und Gesellschaftssituation) gearbeitet werden.<\/p>\n\n\n\n<p><strong>Studiengang<\/strong>: Soziale Arbeit<br><strong>Lehrveranstaltung<\/strong>: 5PRO1 PT<br><strong>Lehrbeauftragte(r)<\/strong>: Tom Schmid<br><strong>Teamleader<\/strong>: Christoph Wilhelmer<br><strong>Projektmitglieder<\/strong>:<\/p>\n\n\n\n<ul class=\"wp-block-list\"><li>Christoph Ebner (so161004)<\/li><li>Mohammad Amini (so161302)<\/li><li>Anna Dworakowska (so161305)<\/li><li>Viktor Gluttig (so161309)<\/li><li>Sabrina Kalteis (so161314)<\/li><li>Astrid Pacher (so161323)<\/li><li>Christoph Wilhelmer (so161338)<\/li><li>Emir Numanovic (so161347)<\/li><li>Konstantin B\u00f6ck (so161350)<\/li><\/ul>\n\n\n\n<ul class=\"wp-block-gallery columns-2 is-cropped wp-block-gallery-1 is-layout-flex wp-block-gallery-is-layout-flex\"><li class=\"blocks-gallery-item\"><figure><a href=\"https:\/\/projektevernissage.fhstp.ac.at\/B\/wp-content\/uploads\/2019\/08\/Soziales.jpg\"><img loading=\"lazy\" decoding=\"async\" width=\"750\" height=\"500\" src=\"https:\/\/projektevernissage.fhstp.ac.at\/B\/wp-content\/uploads\/2019\/08\/Soziales.jpg\" alt=\"\" data-id=\"120\" data-link=\"https:\/\/projektevernissage.fhstp.ac.at\/B\/?attachment_id=120\" class=\"wp-image-120\" srcset=\"https:\/\/projektevernissage.ustp.at\/B\/wp-content\/uploads\/2019\/08\/Soziales.jpg 750w, https:\/\/projektevernissage.ustp.at\/B\/wp-content\/uploads\/2019\/08\/Soziales-300x200.jpg 300w, https:\/\/projektevernissage.ustp.at\/B\/wp-content\/uploads\/2019\/08\/Soziales-700x467.jpg 700w, https:\/\/projektevernissage.ustp.at\/B\/wp-content\/uploads\/2019\/08\/Soziales-410x273.jpg 410w, https:\/\/projektevernissage.ustp.at\/B\/wp-content\/uploads\/2019\/08\/Soziales-100x67.jpg 100w, https:\/\/projektevernissage.ustp.at\/B\/wp-content\/uploads\/2019\/08\/Soziales-275x183.jpg 275w\" sizes=\"auto, (max-width: 750px) 100vw, 750px\" \/><\/a><figcaption> \u00a9 FH St. P\u00f6lten | Felix Deschmann <\/figcaption><\/figure><\/li><li class=\"blocks-gallery-item\"><figure><a href=\"https:\/\/projektevernissage.fhstp.ac.at\/B\/wp-content\/uploads\/2019\/08\/Stand_29_Soziales.jpg\"><img loading=\"lazy\" decoding=\"async\" width=\"750\" height=\"500\" src=\"https:\/\/projektevernissage.fhstp.ac.at\/B\/wp-content\/uploads\/2019\/08\/Stand_29_Soziales.jpg\" alt=\"\" data-id=\"121\" data-link=\"https:\/\/projektevernissage.fhstp.ac.at\/B\/?attachment_id=121\" class=\"wp-image-121\" srcset=\"https:\/\/projektevernissage.ustp.at\/B\/wp-content\/uploads\/2019\/08\/Stand_29_Soziales.jpg 750w, https:\/\/projektevernissage.ustp.at\/B\/wp-content\/uploads\/2019\/08\/Stand_29_Soziales-300x200.jpg 300w, https:\/\/projektevernissage.ustp.at\/B\/wp-content\/uploads\/2019\/08\/Stand_29_Soziales-700x467.jpg 700w, https:\/\/projektevernissage.ustp.at\/B\/wp-content\/uploads\/2019\/08\/Stand_29_Soziales-410x273.jpg 410w, https:\/\/projektevernissage.ustp.at\/B\/wp-content\/uploads\/2019\/08\/Stand_29_Soziales-100x67.jpg 100w, https:\/\/projektevernissage.ustp.at\/B\/wp-content\/uploads\/2019\/08\/Stand_29_Soziales-275x183.jpg 275w\" sizes=\"auto, (max-width: 750px) 100vw, 750px\" \/><\/a><figcaption> \u00a9 FH St. P\u00f6lten | Felix Deschmann <\/figcaption><\/figure><\/li><\/ul>\n","protected":false},"excerpt":{"rendered":"<p>1. Platz in der Kategorie Soziales Welche Ziele, M\u00f6glichkeiten und Ans\u00e4tze haben Menschen mit Beeintr\u00e4chtigungen zur Selbstbestimmung und in weiterer Folge zur Selbstverwirklichung? Wir untersuchen ob Demokratisierungsprozesse den Freiheitsgrad von Menschen mit Beeintr\u00e4chtigungen erh\u00f6hen. Seit der UN-Konvention f\u00fcr die Rechte von Menschen mit Behinderungen, ist Selbstvertretung ein Bestandteil in den Behinderten- und Chancengleichheitsgesetzen der L\u00e4nder. [&hellip;]<\/p>\n","protected":false},"author":1,"featured_media":0,"parent":60,"menu_order":0,"comment_status":"closed","ping_status":"closed","template":"page-templates\/page_fullwidth.php","meta":{"footnotes":""},"class_list":["post-119","page","type-page","status-publish","hentry"],"_links":{"self":[{"href":"https:\/\/projektevernissage.ustp.at\/B\/wp-json\/wp\/v2\/pages\/119","targetHints":{"allow":["GET"]}}],"collection":[{"href":"https:\/\/projektevernissage.ustp.at\/B\/wp-json\/wp\/v2\/pages"}],"about":[{"href":"https:\/\/projektevernissage.ustp.at\/B\/wp-json\/wp\/v2\/types\/page"}],"author":[{"embeddable":true,"href":"https:\/\/projektevernissage.ustp.at\/B\/wp-json\/wp\/v2\/users\/1"}],"replies":[{"embeddable":true,"href":"https:\/\/projektevernissage.ustp.at\/B\/wp-json\/wp\/v2\/comments?post=119"}],"version-history":[{"count":2,"href":"https:\/\/projektevernissage.ustp.at\/B\/wp-json\/wp\/v2\/pages\/119\/revisions"}],"predecessor-version":[{"id":125,"href":"https:\/\/projektevernissage.ustp.at\/B\/wp-json\/wp\/v2\/pages\/119\/revisions\/125"}],"up":[{"embeddable":true,"href":"https:\/\/projektevernissage.ustp.at\/B\/wp-json\/wp\/v2\/pages\/60"}],"wp:attachment":[{"href":"https:\/\/projektevernissage.ustp.at\/B\/wp-json\/wp\/v2\/media?parent=119"}],"curies":[{"name":"wp","href":"https:\/\/api.w.org\/{rel}","templated":true}]}}

2019 Welche Ziele, Möglichkeiten und Ansätze haben Menschen mit Beeinträchtigungen zur Selbstbestimmung und in weiterer Folge zur Selbstverwirklichung?

<div class="blue-border-title">
<span>1. Platz in der Kategorie Soziales</span>
<h1>Welche Ziele, Möglichkeiten und Ansätze haben Menschen mit Beeinträchtigungen zur Selbstbestimmung und in weiterer Folge zur Selbstverwirklichung?
</h1></div>



<figure class="wp-block-image is-resized"><img loading="lazy" decoding="async" src="https://projektevernissage.fhstp.ac.at/B/wp-content/uploads/2019/08/2018-11-02-09-54-08140122_Gleiche_Chancen-768x512.jpg" alt="" class="wp-image-124" width="384" height="256" srcset="https://projektevernissage.ustp.at/B/wp-content/uploads/2019/08/2018-11-02-09-54-08140122_Gleiche_Chancen-768x512.jpg 768w, https://projektevernissage.ustp.at/B/wp-content/uploads/2019/08/2018-11-02-09-54-08140122_Gleiche_Chancen-768x512-300x200.jpg 300w, https://projektevernissage.ustp.at/B/wp-content/uploads/2019/08/2018-11-02-09-54-08140122_Gleiche_Chancen-768x512-700x467.jpg 700w, https://projektevernissage.ustp.at/B/wp-content/uploads/2019/08/2018-11-02-09-54-08140122_Gleiche_Chancen-768x512-410x273.jpg 410w, https://projektevernissage.ustp.at/B/wp-content/uploads/2019/08/2018-11-02-09-54-08140122_Gleiche_Chancen-768x512-100x67.jpg 100w, https://projektevernissage.ustp.at/B/wp-content/uploads/2019/08/2018-11-02-09-54-08140122_Gleiche_Chancen-768x512-275x183.jpg 275w" sizes="auto, (max-width: 384px) 100vw, 384px" /></figure>



<p><strong>Wir untersuchen ob Demokratisierungsprozesse den Freiheitsgrad von Menschen mit Beeinträchtigungen erhöhen.</strong></p>



<p>Seit der UN-Konvention für die Rechte von Menschen mit Behinderungen, ist Selbstvertretung ein Bestandteil in den Behinderten- und Chancengleichheitsgesetzen der Länder. Das Projekt soll (anhand von Beispielen) der Frage nachgehen, wie weit diese Vorgabe in der Praxis der Behindertenarbeit (Wohnen, Tagesstruktur) auch gelebt wird, welche realen Gestaltungsmöglichkeiten und welche Ressourcen der Gestaltung sie haben. Darüber hinaus soll der Frage nachgegangen werden, ob der gewählte top-down-Ansatz zur Etablierung partizipativer Strukturen geeignet ist oder ob es zumindest auch paralleler Entwicklungen bottom up (also seitens der Betroffenen) braucht. Anhand einzelner Untersuchungen (Thesen) soll die Praxis in verschiedenen Organisationen analysiert werden, es soll aber auch auf theoretischer Ebene an den Grundlagen möglicher Implementation demokratischer Strukturen (vor dem Hintergrund einer nicht immer demokratischen Wirtschafts- und Gesellschaftssituation) gearbeitet werden.</p>



<p><strong>Studiengang</strong>: Soziale Arbeit<br><strong>Lehrveranstaltung</strong>: 5PRO1 PT<br><strong>Lehrbeauftragte(r)</strong>: Tom Schmid<br><strong>Teamleader</strong>: Christoph Wilhelmer<br><strong>Projektmitglieder</strong>:</p>



<ul class="wp-block-list"><li>Christoph Ebner (so161004)</li><li>Mohammad Amini (so161302)</li><li>Anna Dworakowska (so161305)</li><li>Viktor Gluttig (so161309)</li><li>Sabrina Kalteis (so161314)</li><li>Astrid Pacher (so161323)</li><li>Christoph Wilhelmer (so161338)</li><li>Emir Numanovic (so161347)</li><li>Konstantin Böck (so161350)</li></ul>



<ul class="wp-block-gallery columns-2 is-cropped wp-block-gallery-1 is-layout-flex wp-block-gallery-is-layout-flex"><li class="blocks-gallery-item"><figure><a href="https://projektevernissage.fhstp.ac.at/B/wp-content/uploads/2019/08/Soziales.jpg"><img loading="lazy" decoding="async" width="750" height="500" src="https://projektevernissage.fhstp.ac.at/B/wp-content/uploads/2019/08/Soziales.jpg" alt="" data-id="120" data-link="https://projektevernissage.fhstp.ac.at/B/?attachment_id=120" class="wp-image-120" srcset="https://projektevernissage.ustp.at/B/wp-content/uploads/2019/08/Soziales.jpg 750w, https://projektevernissage.ustp.at/B/wp-content/uploads/2019/08/Soziales-300x200.jpg 300w, https://projektevernissage.ustp.at/B/wp-content/uploads/2019/08/Soziales-700x467.jpg 700w, https://projektevernissage.ustp.at/B/wp-content/uploads/2019/08/Soziales-410x273.jpg 410w, https://projektevernissage.ustp.at/B/wp-content/uploads/2019/08/Soziales-100x67.jpg 100w, https://projektevernissage.ustp.at/B/wp-content/uploads/2019/08/Soziales-275x183.jpg 275w" sizes="auto, (max-width: 750px) 100vw, 750px" /></a><figcaption> © FH St. Pölten | Felix Deschmann </figcaption></figure></li><li class="blocks-gallery-item"><figure><a href="https://projektevernissage.fhstp.ac.at/B/wp-content/uploads/2019/08/Stand_29_Soziales.jpg"><img loading="lazy" decoding="async" width="750" height="500" src="https://projektevernissage.fhstp.ac.at/B/wp-content/uploads/2019/08/Stand_29_Soziales.jpg" alt="" data-id="121" data-link="https://projektevernissage.fhstp.ac.at/B/?attachment_id=121" class="wp-image-121" srcset="https://projektevernissage.ustp.at/B/wp-content/uploads/2019/08/Stand_29_Soziales.jpg 750w, https://projektevernissage.ustp.at/B/wp-content/uploads/2019/08/Stand_29_Soziales-300x200.jpg 300w, https://projektevernissage.ustp.at/B/wp-content/uploads/2019/08/Stand_29_Soziales-700x467.jpg 700w, https://projektevernissage.ustp.at/B/wp-content/uploads/2019/08/Stand_29_Soziales-410x273.jpg 410w, https://projektevernissage.ustp.at/B/wp-content/uploads/2019/08/Stand_29_Soziales-100x67.jpg 100w, https://projektevernissage.ustp.at/B/wp-content/uploads/2019/08/Stand_29_Soziales-275x183.jpg 275w" sizes="auto, (max-width: 750px) 100vw, 750px" /></a><figcaption> © FH St. Pölten | Felix Deschmann </figcaption></figure></li></ul>

<p>1. Platz in der Kategorie Soziales Welche Ziele, Möglichkeiten und Ansätze haben Menschen mit Beeinträchtigungen zur Selbstbestimmung und in weiterer Folge zur Selbstverwirklichung? Wir untersuchen ob Demokratisierungsprozesse den Freiheitsgrad von Menschen mit Beeinträchtigungen erhöhen. Seit der UN-Konvention für die Rechte von Menschen mit Behinderungen, ist Selbstvertretung ein Bestandteil in den Behinderten- und Chancengleichheitsgesetzen der Länder. [&hellip;]</p>
