{"id":150,"date":"2019-08-13T19:00:03","date_gmt":"2019-08-13T17:00:03","guid":{"rendered":"https:\/\/projektevernissage.fhstp.ac.at\/B\/?page_id=150"},"modified":"2019-08-13T19:10:37","modified_gmt":"2019-08-13T17:10:37","slug":"2019-tenjin","status":"publish","type":"page","link":"https:\/\/projektevernissage.ustp.at\/B\/pv-plus-2019\/2019-tenjin\/","title":{"rendered":"2019 Tenjin"},"content":{"rendered":"\n<div class=\"blue-border-title\">\n<h1>Tenjin\n<\/h1><\/div>\n\n\n\n<p><strong>Tenjin, eine interaktive Audience Response Web-App f\u00fcr Quizzes und Umfragen<\/strong><\/p>\n\n\n\n<p>Tenjin ist eine Audience Response Web App, mit der schnell und unkompliziert Quizzes und Umfragen durchgef\u00fchrt werden k\u00f6nnen. Herzst\u00fcck der Anwendung sind neben dem Management der Fragen die ansprechende Live-Visualisierung sowie die Ergebnistabelle. Tenjin bietet neben einem anonymen Gast-Login auch die direkte Anbindung ins FH-System. So k\u00f6nnen sich Personen mit einem g\u00fcltigen FH-Account unkompliziert und ohne weitere Registrierung anmelden. Fragen k\u00f6nnen direkt eingegeben, bearbeitet und gel\u00f6scht werden.Zus\u00e4tzlich steht ein Import von CSV-Dateien zur Verf\u00fcgung. Aus den vorhandenen Fragen kann jeder Nutzer ein Quiz erstellen, bei dem andere User teilnehmen k\u00f6nnen. Jede Abgabe wird am Display des Quizmasters als kleiner Kreis visualisiert, die sich zu den verschiedenen Antwortm\u00f6glichkeiten gruppieren. Am Ende des Quizzes werden die Ergebnisse in einer \u00fcbersichtlichen Tabelle mit zahlreichen Zusatzinformationen dargestellt.<\/p>\n\n\n\n<p><strong>Studiengang<\/strong>: Digitale Medientechnologien<br><strong>Lehrveranstaltung<\/strong>: Projektsemester<br><strong>Lehrbeauftragte(r)<\/strong>: Wolfgang Aigner<br><strong>Teamleader<\/strong>: Armin Kirchknopf<br><strong>Projektmitglieder<\/strong>:<\/p>\n\n\n\n<ul class=\"wp-block-list\"><li>Michael Hammerl (dd181502)<\/li><li>Armin Kirchknopf (it181501)<\/li><li>Magdalena Steinacker (it181515)<\/li><\/ul>\n\n\n\n<ul class=\"wp-block-gallery columns-2 is-cropped wp-block-gallery-1 is-layout-flex wp-block-gallery-is-layout-flex\"><li class=\"blocks-gallery-item\"><figure><a href=\"https:\/\/projektevernissage.fhstp.ac.at\/B\/wp-content\/uploads\/2019\/08\/Pitch_Tenjin-300x200-1.jpg\"><img loading=\"lazy\" decoding=\"async\" width=\"300\" height=\"200\" src=\"https:\/\/projektevernissage.fhstp.ac.at\/B\/wp-content\/uploads\/2019\/08\/Pitch_Tenjin-300x200-1.jpg\" alt=\"\" data-id=\"151\" data-link=\"https:\/\/projektevernissage.fhstp.ac.at\/B\/?attachment_id=151\" class=\"wp-image-151\" srcset=\"https:\/\/projektevernissage.ustp.at\/B\/wp-content\/uploads\/2019\/08\/Pitch_Tenjin-300x200-1.jpg 300w, https:\/\/projektevernissage.ustp.at\/B\/wp-content\/uploads\/2019\/08\/Pitch_Tenjin-300x200-1-100x67.jpg 100w, https:\/\/projektevernissage.ustp.at\/B\/wp-content\/uploads\/2019\/08\/Pitch_Tenjin-300x200-1-275x183.jpg 275w\" sizes=\"auto, (max-width: 300px) 100vw, 300px\" \/><\/a><figcaption> \u00a9 FH St. P\u00f6lten | Felix Deschmann <\/figcaption><\/figure><\/li><li class=\"blocks-gallery-item\"><figure><a href=\"https:\/\/projektevernissage.fhstp.ac.at\/B\/wp-content\/uploads\/2019\/08\/Tenjin-300x200.jpg\"><img loading=\"lazy\" decoding=\"async\" width=\"300\" height=\"200\" src=\"https:\/\/projektevernissage.fhstp.ac.at\/B\/wp-content\/uploads\/2019\/08\/Tenjin-300x200.jpg\" alt=\"\" data-id=\"152\" data-link=\"https:\/\/projektevernissage.fhstp.ac.at\/B\/?attachment_id=152\" class=\"wp-image-152\" srcset=\"https:\/\/projektevernissage.ustp.at\/B\/wp-content\/uploads\/2019\/08\/Tenjin-300x200.jpg 300w, https:\/\/projektevernissage.ustp.at\/B\/wp-content\/uploads\/2019\/08\/Tenjin-300x200-100x67.jpg 100w, https:\/\/projektevernissage.ustp.at\/B\/wp-content\/uploads\/2019\/08\/Tenjin-300x200-275x183.jpg 275w\" sizes=\"auto, (max-width: 300px) 100vw, 300px\" \/><\/a><figcaption> \u00a9 FH St. P\u00f6lten | Felix Deschmann <\/figcaption><\/figure><\/li><\/ul>\n","protected":false},"excerpt":{"rendered":"<p>Tenjin Tenjin, eine interaktive Audience Response Web-App f\u00fcr Quizzes und Umfragen Tenjin ist eine Audience Response Web App, mit der schnell und unkompliziert Quizzes und Umfragen durchgef\u00fchrt werden k\u00f6nnen. Herzst\u00fcck der Anwendung sind neben dem Management der Fragen die ansprechende Live-Visualisierung sowie die Ergebnistabelle. Tenjin bietet neben einem anonymen Gast-Login auch die direkte Anbindung ins [&hellip;]<\/p>\n","protected":false},"author":1,"featured_media":0,"parent":147,"menu_order":0,"comment_status":"closed","ping_status":"closed","template":"page-templates\/page_fullwidth.php","meta":{"footnotes":""},"class_list":["post-150","page","type-page","status-publish","hentry"],"_links":{"self":[{"href":"https:\/\/projektevernissage.ustp.at\/B\/wp-json\/wp\/v2\/pages\/150","targetHints":{"allow":["GET"]}}],"collection":[{"href":"https:\/\/projektevernissage.ustp.at\/B\/wp-json\/wp\/v2\/pages"}],"about":[{"href":"https:\/\/projektevernissage.ustp.at\/B\/wp-json\/wp\/v2\/types\/page"}],"author":[{"embeddable":true,"href":"https:\/\/projektevernissage.ustp.at\/B\/wp-json\/wp\/v2\/users\/1"}],"replies":[{"embeddable":true,"href":"https:\/\/projektevernissage.ustp.at\/B\/wp-json\/wp\/v2\/comments?post=150"}],"version-history":[{"count":1,"href":"https:\/\/projektevernissage.ustp.at\/B\/wp-json\/wp\/v2\/pages\/150\/revisions"}],"predecessor-version":[{"id":153,"href":"https:\/\/projektevernissage.ustp.at\/B\/wp-json\/wp\/v2\/pages\/150\/revisions\/153"}],"up":[{"embeddable":true,"href":"https:\/\/projektevernissage.ustp.at\/B\/wp-json\/wp\/v2\/pages\/147"}],"wp:attachment":[{"href":"https:\/\/projektevernissage.ustp.at\/B\/wp-json\/wp\/v2\/media?parent=150"}],"curies":[{"name":"wp","href":"https:\/\/api.w.org\/{rel}","templated":true}]}}