{"id":2440,"date":"2026-01-22T11:02:48","date_gmt":"2026-01-22T10:02:48","guid":{"rendered":"https:\/\/projektevernissage.ustp.at\/B\/?page_id=2440"},"modified":"2026-01-22T11:49:54","modified_gmt":"2026-01-22T10:49:54","slug":"siegerinnenteams-2026-winter","status":"publish","type":"page","link":"https:\/\/projektevernissage.ustp.at\/B\/siegerinnenteams-2026-winter\/","title":{"rendered":"Sieger*innenteams 2026 Winter"},"content":{"rendered":"\n<h1 class=\"wp-block-heading\">ProjektevernissageWinter 2026<\/h1>\n\n\n\n<h2 class=\"wp-block-heading\">Sieger*innenteams<\/h2>\n\n\n\n<p>Am 13.01.2026 war es wieder so weit: Die 24. Projektevernissage fand mit 105 Aussteller*innenteams am Campus St. P\u00f6lten statt. Hier finden Sie die Siegerprojekte im \u00dcberblick:<\/p>\n\n\n\n<h2 class=\"wp-block-heading\">1. Platz der Kategorie Applications &amp; Installations<\/h2>\n\n\n\n<p><a href=\"https:\/\/projektevernissage.ustp.at\/B\/projekteinsicht\/?id=1922\">HISTORIA VIRTUALIS<\/a><\/p>\n\n\n\n<p>Projektmitglieder: <strong>&nbsp;<\/strong>Florian Fu\u00dfthaler, Georg Becker, Sophia Olesko, Serkan S\u00f6nmez, Camilla Sporrer<\/p>\n\n\n\n<h2 class=\"wp-block-heading\">1. Platz der Kategorie Management &amp; Organisation<\/h2>\n\n\n\n<p><a href=\"https:\/\/projektevernissage.ustp.at\/B\/projekteinsicht\/?id=1936\">Level One &#8211; U Start To Play<\/a><\/p>\n\n\n\n<p>Projektmitglieder: Anja Schweiger, Manuel Auinger, Daniel Eichinger, Clemens Gantner<\/p>\n\n\n\n<h2 class=\"wp-block-heading\">1. Platz der Kategorie Digital Media Production<\/h2>\n\n\n\n<p><a href=\"https:\/\/projektevernissage.ustp.at\/B\/projekteinsicht\/?id=1895\">Fishing Flies<\/a><\/p>\n\n\n\n<p>Projektmitglieder: Lilli Lanske, Sophie Schattauer, Philipp Lenk, Leo Beckstein, Fiona Haunold, Jonas Vasicek<\/p>\n\n\n\n<h2 class=\"wp-block-heading\">1. Platz der Kategorie Health<\/h2>\n\n\n\n<p><a href=\"https:\/\/projektevernissage.ustp.at\/B\/projekteinsicht\/?id=1928\">Mission Nutrition: Fit mit Biss<\/a><\/p>\n\n\n\n<p>Projektmitglieder: Martina Pichler, Christof Berg, Susanne Ganer, Doris Auer, Lara Pichler, Lucia Wolfsgruber<\/p>\n\n\n\n<h2 class=\"wp-block-heading\">1. Platz der Kategorie Rails &amp; Engineering<\/h2>\n\n\n\n<p><a href=\"https:\/\/projektevernissage.ustp.at\/B\/projekteinsicht\/?id=1950\">TramTrainTraisen<\/a><\/p>\n\n\n\n<p>Projektmitglieder: Lukas Ertl, Thomas Heckhausen, Markus Prem, Martin Kohlmayr, Noah Schoppitsch, David Scheifinger<\/p>\n\n\n\n<h2 class=\"wp-block-heading\">1. Platz der Kategorie Social Work<\/h2>\n\n\n\n<p><a href=\"https:\/\/projektevernissage.ustp.at\/B\/projekteinsicht\/?id=1946\">Gesundheit und Soziales vernetzen: Erfolgsfaktoren f\u00fcr Social Prescribing in der Prim\u00e4rversorgung<\/a><\/p>\n\n\n\n<p>Projektmitglieder: Athina Stellatos, Aleksandra Miljevic, Lisa Jurejefcic, Naomi Schweiger, Julia Kurka, Sophie Wassermann, Elisa Etlinger, Hannah Grissenberger, Lara Bichler, Rebecca Heigl, Karoline Fzi, Julia Wei, Diana-Ioana Comsa, Anita Raith<\/p>\n\n\n\n<h2 class=\"wp-block-heading\">1. Platz der Kategorie Interactive<\/h2>\n\n\n\n<p><a href=\"https:\/\/projektevernissage.ustp.at\/B\/projekteinsicht\/?id=1920\">Website &#8211; Peter Kern<\/a><\/p>\n\n\n\n<p>Projektmitglieder: Jovana Stevic, Sadettin Stanfel, Alina Solohub, Kaloyan Ivanov<\/p>\n\n\n\n<h2 class=\"wp-block-heading\">1. Platz der Kategorie Media Lab AV<\/h2>\n\n\n\n<p><a href=\"https:\/\/projektevernissage.ustp.at\/B\/projekteinsicht\/?id=1970\">Feindlich Negativ<\/a><\/p>\n\n\n\n<p>Projektmitglieder: Isabel Schiphorst, Raphael Kudlacek, Paul Stambera, Jonas Hoffmann, Noah Langthaler, Yuriy Pyrtko, Lucas Ullrich, Caroline Bauer, Marco Roiss<\/p>\n\n\n\n<h2 class=\"wp-block-heading\">1. Platz der Kategorie Audio\/Video<\/h2>\n\n\n\n<p><a href=\"https:\/\/projektevernissage.ustp.at\/B\/projekteinsicht\/?id=1903\">Imagevideo SCU Ardagger<\/a><\/p>\n\n\n\n<p>Projektmitglieder: <strong>&nbsp;<\/strong>Anne Sophie Engl<strong>, <\/strong>Moritz Reindl, Anne Engl, Marlies Lechner, Johanna Dockner, Abdullah Yilmaz, Charleen Lindner<\/p>\n","protected":false},"excerpt":{"rendered":"<p>ProjektevernissageWinter 2026 Sieger*innenteams Am 13.01.2026 war es wieder so weit: Die 24. Projektevernissage fand mit 105 Aussteller*innenteams am Campus St. P\u00f6lten statt. Hier finden Sie die Siegerprojekte im \u00dcberblick: 1. Platz der Kategorie Applications &amp; Installations HISTORIA VIRTUALIS Projektmitglieder: &nbsp;Florian Fu\u00dfthaler, Georg Becker, Sophia Olesko, Serkan S\u00f6nmez, Camilla Sporrer 1. Platz der Kategorie Management &amp; [&hellip;]<\/p>\n","protected":false},"author":3,"featured_media":0,"parent":0,"menu_order":0,"comment_status":"closed","ping_status":"closed","template":"","meta":{"footnotes":""},"class_list":["post-2440","page","type-page","status-publish","hentry"],"_links":{"self":[{"href":"https:\/\/projektevernissage.ustp.at\/B\/wp-json\/wp\/v2\/pages\/2440","targetHints":{"allow":["GET"]}}],"collection":[{"href":"https:\/\/projektevernissage.ustp.at\/B\/wp-json\/wp\/v2\/pages"}],"about":[{"href":"https:\/\/projektevernissage.ustp.at\/B\/wp-json\/wp\/v2\/types\/page"}],"author":[{"embeddable":true,"href":"https:\/\/projektevernissage.ustp.at\/B\/wp-json\/wp\/v2\/users\/3"}],"replies":[{"embeddable":true,"href":"https:\/\/projektevernissage.ustp.at\/B\/wp-json\/wp\/v2\/comments?post=2440"}],"version-history":[{"count":2,"href":"https:\/\/projektevernissage.ustp.at\/B\/wp-json\/wp\/v2\/pages\/2440\/revisions"}],"predecessor-version":[{"id":2470,"href":"https:\/\/projektevernissage.ustp.at\/B\/wp-json\/wp\/v2\/pages\/2440\/revisions\/2470"}],"wp:attachment":[{"href":"https:\/\/projektevernissage.ustp.at\/B\/wp-json\/wp\/v2\/media?parent=2440"}],"curies":[{"name":"wp","href":"https:\/\/api.w.org\/{rel}","templated":true}]}}