{"id":645,"date":"2020-01-15T14:32:42","date_gmt":"2020-01-15T13:32:42","guid":{"rendered":"https:\/\/projektevernissage.fhstp.ac.at\/B\/?page_id=645"},"modified":"2021-11-03T14:36:16","modified_gmt":"2021-11-03T13:36:16","slug":"pv-plus-2020","status":"publish","type":"page","link":"https:\/\/projektevernissage.ustp.at\/B\/pv-plus-2020\/","title":{"rendered":"PV plus 2020"},"content":{"rendered":"\n<figure class=\"wp-block-image\"><img loading=\"lazy\" decoding=\"async\" width=\"1024\" height=\"142\" src=\"https:\/\/projektevernissage.fhstp.ac.at\/B\/wp-content\/uploads\/2020\/01\/Header_Projektevernissage_900x125px_2020-1024x142.jpg\" alt=\"\" class=\"wp-image-802\" srcset=\"https:\/\/projektevernissage.ustp.at\/B\/wp-content\/uploads\/2020\/01\/Header_Projektevernissage_900x125px_2020-1024x142.jpg 1024w, https:\/\/projektevernissage.ustp.at\/B\/wp-content\/uploads\/2020\/01\/Header_Projektevernissage_900x125px_2020-300x42.jpg 300w, https:\/\/projektevernissage.ustp.at\/B\/wp-content\/uploads\/2020\/01\/Header_Projektevernissage_900x125px_2020-768x106.jpg 768w, https:\/\/projektevernissage.ustp.at\/B\/wp-content\/uploads\/2020\/01\/Header_Projektevernissage_900x125px_2020-700x97.jpg 700w, https:\/\/projektevernissage.ustp.at\/B\/wp-content\/uploads\/2020\/01\/Header_Projektevernissage_900x125px_2020-410x57.jpg 410w, https:\/\/projektevernissage.ustp.at\/B\/wp-content\/uploads\/2020\/01\/Header_Projektevernissage_900x125px_2020-100x14.jpg 100w, https:\/\/projektevernissage.ustp.at\/B\/wp-content\/uploads\/2020\/01\/Header_Projektevernissage_900x125px_2020-275x38.jpg 275w, https:\/\/projektevernissage.ustp.at\/B\/wp-content\/uploads\/2020\/01\/Header_Projektevernissage_900x125px_2020.jpg 1875w\" sizes=\"auto, (max-width: 1024px) 100vw, 1024px\" \/><\/figure>\n\n\n<div class=\"blue-border-title\">\n<h1>Projektevernissage Plus 2020<\/h1>\n<\/div>\n<p>Heuer gab es zum zweiten Mal auch einen Spezialpreis im Rahmen der Projektevernissage zu gewinnen. Projekte die weitergef\u00fchrt werden sollen, hatten im Rahmen einer Pitching Session die Chance, ein Projektstipendium, vergeben vom F\u00f6rderverein der FH St. P\u00f6lten, zu gewinnen.<\/p>\n<p>Hier finden Sie die Siegerprojekte im \u00dcberblick:<\/p>\n<h2><a href=\"https:\/\/projektevernissage.fhstp.ac.at\/B\/pv-plus-2020\/2020-falltec\/\">FALLTEC<\/a><\/h2>\n<p><b>\u2013 Sensor-basierte Sturz-Pr\u00e4vention f\u00fcr PatientInnen mit Demenz<\/b><\/p>\n<p>Projektmitglieder: Juergen Maureder (dh181805), Philipp K\u00f6cher (dh181807), Elias Matousek (dh181820), Isabel K\u00e4chele (dh181823), David Kollmitzer (dh181826)<\/p>\n<p>Kategorie: Development und Installationen<\/p>\n<h4><b>F\u00f6rderung im Wert von \u20ac 3.000 .-<\/b><\/h4>\n<h2><a href=\"https:\/\/projektevernissage.fhstp.ac.at\/B\/pv-plus-2020\/2020-ordito-predictions\/\">ORDITO PREDICTIONS<\/a><\/h2>\n<p><b>\u2013 &#8222;NO food waste through AI&#8220; &#8211; Lebensmittelverschwendung datenbasiert stoppen<\/b><\/p>\n<p>Projektmitglieder: Armin Kirchknopf (it181501)<\/p>\n<p>Kategorie: Development und Installationen<\/p>\n<h4><b>F\u00f6rderung im Wert von \u20ac 1.500 .-<\/b><\/h4>\n<h2><a href=\"https:\/\/projektevernissage.fhstp.ac.at\/B\/pv-plus-2020\/2020-gemeinwesenarbeit-4-0\/\">GEMEINWESENARBEIT 4.0<\/a><\/h2>\n<p><b>\u2013 St. P\u00f6lten wird nicht Kulturhauptstadt. Sorgen wir gemeinsam daf\u00fcr, dass es die Hauptstadt des sozialen Miteinanders wird!<\/b><\/p>\n<p>Projektmitglieder: Sophie Fichtinger (so181503), Melina Minassians (so181504), Alexandra Winkler (so181505), Susanne Gahleitner (so181803), Alexander Kopp (so181813), Elena Kundrat (so181816), Michelle Trestl (so181822), Hanna Vettori (so181824), Rosanna Drochter (so181833)<\/p>\n<p>Kategorie: Soziales<\/p>\n<h4><b>F\u00f6rderung im Wert von \u20ac 500 .-<\/b><\/h4>\n<h2><a href=\"https:\/\/projektevernissage.fhstp.ac.at\/B\/pv-plus-2020\/2020-lichtmaschinerie\/\">LICHTMASCHINERIE<\/a><\/h2>\n<p><b>\u2013 Wir bauen individuell gestaltete Lichtkonzepte mit Hauptmerkmal auf LED Technik.<\/b><\/p>\n<p>Projektmitglieder: Sophie Fichtinger (so181503), Melina Minassians (so181504), Alexandra Winkler (so181505), Susanne Gahleitner (so181803), Alexander Kopp (so181813), Elena Kundrat (so181816), Michelle Trestl (so181822), Hanna Vettori (so181824), Rosanna Drochter (so181833)<\/p>\n<p>Kategorie: Development und Installationen<\/p>\n<h4><b>F\u00f6rderung im Wert von \u20ac 500 .-<\/b><\/h4>\n<h2><a href=\"https:\/\/projektevernissage.fhstp.ac.at\/B\/pv-plus-2020\/2020-redesign-der-webseite-des-fh-internen-verleihsystems\/\">REDESIGN DER WEBSEITE DES FH-INTERNEN VERLEIHSYSTEMS<\/a><\/h2>\n<p>Projektmitglieder: Bettina Broethaler (mt171006), Melanie Grasel (mt171019), Armin Novacek (mt171043), Hanna Weissinger (mt171074), Maximilian Hraschan (mt171109), Ivo Mantler (mt171120)<\/p>\n<p>Kategorie: Development und Installationen<\/p>\n<h4><b>F\u00f6rderung im Wert von \u20ac 500 .-<\/b><\/h4>\n\n\n<p><\/p>\n\n\n\n<p><\/p>\n","protected":false},"excerpt":{"rendered":"<p>Projektevernissage Plus 2020 Heuer gab es zum zweiten Mal auch einen Spezialpreis im Rahmen der Projektevernissage zu gewinnen. Projekte die weitergef\u00fchrt werden sollen, hatten im Rahmen einer Pitching Session die Chance, ein Projektstipendium, vergeben vom F\u00f6rderverein der FH St. P\u00f6lten, zu gewinnen. Hier finden Sie die Siegerprojekte im \u00dcberblick: FALLTEC \u2013 Sensor-basierte Sturz-Pr\u00e4vention f\u00fcr PatientInnen [&hellip;]<\/p>\n","protected":false},"author":3,"featured_media":0,"parent":0,"menu_order":0,"comment_status":"closed","ping_status":"closed","template":"","meta":{"footnotes":""},"class_list":["post-645","page","type-page","status-publish","hentry"],"_links":{"self":[{"href":"https:\/\/projektevernissage.ustp.at\/B\/wp-json\/wp\/v2\/pages\/645","targetHints":{"allow":["GET"]}}],"collection":[{"href":"https:\/\/projektevernissage.ustp.at\/B\/wp-json\/wp\/v2\/pages"}],"about":[{"href":"https:\/\/projektevernissage.ustp.at\/B\/wp-json\/wp\/v2\/types\/page"}],"author":[{"embeddable":true,"href":"https:\/\/projektevernissage.ustp.at\/B\/wp-json\/wp\/v2\/users\/3"}],"replies":[{"embeddable":true,"href":"https:\/\/projektevernissage.ustp.at\/B\/wp-json\/wp\/v2\/comments?post=645"}],"version-history":[{"count":10,"href":"https:\/\/projektevernissage.ustp.at\/B\/wp-json\/wp\/v2\/pages\/645\/revisions"}],"predecessor-version":[{"id":880,"href":"https:\/\/projektevernissage.ustp.at\/B\/wp-json\/wp\/v2\/pages\/645\/revisions\/880"}],"wp:attachment":[{"href":"https:\/\/projektevernissage.ustp.at\/B\/wp-json\/wp\/v2\/media?parent=645"}],"curies":[{"name":"wp","href":"https:\/\/api.w.org\/{rel}","templated":true}]}}