{"id":79,"date":"2019-08-08T14:10:09","date_gmt":"2019-08-08T12:10:09","guid":{"rendered":"https:\/\/projektevernissage.fhstp.ac.at\/B\/?page_id=79"},"modified":"2019-08-09T02:43:42","modified_gmt":"2019-08-09T00:43:42","slug":"bruck-mur-graz-streckenoptimierung","status":"publish","type":"page","link":"https:\/\/projektevernissage.ustp.at\/B\/siegerinnenteams-2019\/bruck-mur-graz-streckenoptimierung\/","title":{"rendered":"2019 Bruck\/Mur \u2013 Graz Streckenoptimierung"},"content":{"rendered":"\n<div class=\"blue-border-title\">\n<span>1. Platz in der Kategorie Bahntechnologie<\/span>\n<h1>Bruck\/Mur \u2013 Graz Streckenoptimierung\n<\/h1><\/div>\n\n\n\n<p><strong>Das Projekt besch\u00e4ftigt sich mit der Optimierung der Strecke Bruck-Graz.<\/strong><\/p>\n\n\n\n<p>Unser Projekt besch\u00e4ftigt sich mit der Problematik der zu langen Fahrzeit Bruck an der Mur &#8211; Graz. Die Fahrzeit betr\u00e4gt aktuell 35min. Um nach der Fertigstellung des Semmeringbasistunnels und der Koralmstrecke einen Integrierten Taktfahrplan (ITF) anbieten zu k\u00f6nnen, m\u00fcssen Optimierungsma\u00dfnahmen vorgenommen werden. Dies dient dazu, dass die Z\u00fcge in Bruck an der Mur, sowie Graz Hbf zur vollen und halben Stunde verkehren k\u00f6nnen. Dazu muss die Fahrzeit unter 30 Minuten betragen, damit der Fahrgastwechsel in beiden Bahnh\u00f6fen sichergestellt werden kann. Als Datengrundlage dient die Abbildung der Strecke in OpenTrack. Dieses Programm erlaubt die Simulation der Zugfahrten im Projektabschnitt. Desweiteren kann mit dieser Software die Simulation der Ausbauma\u00dfnahmen (Tunnel, Neubaustrecke, Sicherungsanlagen, sowie sonstige Optimierungen) vorgenommen werden.<\/p>\n\n\n\n<p><strong>Studiengang<\/strong>: Bahntechnologie und Management von Bahnsystemen<br><strong>Lehrveranstaltung<\/strong>: PSE<br><strong>Lehrbeauftragte(r)<\/strong>: Thomas Preslmayr<br><strong>Teamleader<\/strong>: Florian Truckendanner<br><strong>Projektmitglieder<\/strong>:<\/p>\n\n\n\n<ul class=\"wp-block-list\"><li>Julian Kaiblinger (bm171002)<\/li><li>Florian Truckendanner (bm171007)<\/li><li>Markus Vrana (bm171009)<\/li><li>Benedikt Biedermann (bm171010)<\/li><\/ul>\n\n\n\n<ul class=\"wp-block-gallery columns-2 is-cropped wp-block-gallery-1 is-layout-flex wp-block-gallery-is-layout-flex\"><li class=\"blocks-gallery-item\"><figure><a href=\"https:\/\/projektevernissage.fhstp.ac.at\/B\/wp-content\/uploads\/2019\/08\/Bahntechnologie-1.jpg\"><img loading=\"lazy\" decoding=\"async\" width=\"750\" height=\"500\" src=\"https:\/\/projektevernissage.fhstp.ac.at\/B\/wp-content\/uploads\/2019\/08\/Bahntechnologie-1.jpg\" alt=\"\" data-id=\"144\" data-link=\"https:\/\/projektevernissage.fhstp.ac.at\/B\/siegerinnenteams-2019\/bruck-mur-graz-streckenoptimierung\/bahntechnologie-1\/\" class=\"wp-image-144\" srcset=\"https:\/\/projektevernissage.ustp.at\/B\/wp-content\/uploads\/2019\/08\/Bahntechnologie-1.jpg 750w, https:\/\/projektevernissage.ustp.at\/B\/wp-content\/uploads\/2019\/08\/Bahntechnologie-1-300x200.jpg 300w, https:\/\/projektevernissage.ustp.at\/B\/wp-content\/uploads\/2019\/08\/Bahntechnologie-1-700x467.jpg 700w, https:\/\/projektevernissage.ustp.at\/B\/wp-content\/uploads\/2019\/08\/Bahntechnologie-1-410x273.jpg 410w, https:\/\/projektevernissage.ustp.at\/B\/wp-content\/uploads\/2019\/08\/Bahntechnologie-1-100x67.jpg 100w, https:\/\/projektevernissage.ustp.at\/B\/wp-content\/uploads\/2019\/08\/Bahntechnologie-1-275x183.jpg 275w\" sizes=\"auto, (max-width: 750px) 100vw, 750px\" \/><\/a><figcaption> \u00a9 FH St. P\u00f6lten | Felix Deschmann<\/figcaption><\/figure><\/li><li class=\"blocks-gallery-item\"><figure><a href=\"https:\/\/projektevernissage.fhstp.ac.at\/B\/wp-content\/uploads\/2019\/08\/Stand_7_Bahn-1.jpg\"><img loading=\"lazy\" decoding=\"async\" width=\"750\" height=\"500\" src=\"https:\/\/projektevernissage.fhstp.ac.at\/B\/wp-content\/uploads\/2019\/08\/Stand_7_Bahn-1.jpg\" alt=\"\" data-id=\"145\" data-link=\"https:\/\/projektevernissage.fhstp.ac.at\/B\/siegerinnenteams-2019\/bruck-mur-graz-streckenoptimierung\/stand_7_bahn-1\/\" class=\"wp-image-145\" srcset=\"https:\/\/projektevernissage.ustp.at\/B\/wp-content\/uploads\/2019\/08\/Stand_7_Bahn-1.jpg 750w, https:\/\/projektevernissage.ustp.at\/B\/wp-content\/uploads\/2019\/08\/Stand_7_Bahn-1-300x200.jpg 300w, https:\/\/projektevernissage.ustp.at\/B\/wp-content\/uploads\/2019\/08\/Stand_7_Bahn-1-700x467.jpg 700w, https:\/\/projektevernissage.ustp.at\/B\/wp-content\/uploads\/2019\/08\/Stand_7_Bahn-1-410x273.jpg 410w, https:\/\/projektevernissage.ustp.at\/B\/wp-content\/uploads\/2019\/08\/Stand_7_Bahn-1-100x67.jpg 100w, https:\/\/projektevernissage.ustp.at\/B\/wp-content\/uploads\/2019\/08\/Stand_7_Bahn-1-275x183.jpg 275w\" sizes=\"auto, (max-width: 750px) 100vw, 750px\" \/><\/a><figcaption> \u00a9 FH St. P\u00f6lten | Felix Deschmann<\/figcaption><\/figure><\/li><\/ul>\n","protected":false},"excerpt":{"rendered":"<p>1. Platz in der Kategorie Bahntechnologie Bruck\/Mur \u2013 Graz Streckenoptimierung Das Projekt besch\u00e4ftigt sich mit der Optimierung der Strecke Bruck-Graz. Unser Projekt besch\u00e4ftigt sich mit der Problematik der zu langen Fahrzeit Bruck an der Mur &#8211; Graz. Die Fahrzeit betr\u00e4gt aktuell 35min. Um nach der Fertigstellung des Semmeringbasistunnels und der Koralmstrecke einen Integrierten Taktfahrplan (ITF) [&hellip;]<\/p>\n","protected":false},"author":1,"featured_media":0,"parent":60,"menu_order":0,"comment_status":"closed","ping_status":"closed","template":"page-templates\/page_fullwidth.php","meta":{"footnotes":""},"class_list":["post-79","page","type-page","status-publish","hentry"],"_links":{"self":[{"href":"https:\/\/projektevernissage.ustp.at\/B\/wp-json\/wp\/v2\/pages\/79","targetHints":{"allow":["GET"]}}],"collection":[{"href":"https:\/\/projektevernissage.ustp.at\/B\/wp-json\/wp\/v2\/pages"}],"about":[{"href":"https:\/\/projektevernissage.ustp.at\/B\/wp-json\/wp\/v2\/types\/page"}],"author":[{"embeddable":true,"href":"https:\/\/projektevernissage.ustp.at\/B\/wp-json\/wp\/v2\/users\/1"}],"replies":[{"embeddable":true,"href":"https:\/\/projektevernissage.ustp.at\/B\/wp-json\/wp\/v2\/comments?post=79"}],"version-history":[{"count":9,"href":"https:\/\/projektevernissage.ustp.at\/B\/wp-json\/wp\/v2\/pages\/79\/revisions"}],"predecessor-version":[{"id":146,"href":"https:\/\/projektevernissage.ustp.at\/B\/wp-json\/wp\/v2\/pages\/79\/revisions\/146"}],"up":[{"embeddable":true,"href":"https:\/\/projektevernissage.ustp.at\/B\/wp-json\/wp\/v2\/pages\/60"}],"wp:attachment":[{"href":"https:\/\/projektevernissage.ustp.at\/B\/wp-json\/wp\/v2\/media?parent=79"}],"curies":[{"name":"wp","href":"https:\/\/api.w.org\/{rel}","templated":true}]}}

<div class="blue-border-title">
<span>1. Platz in der Kategorie Bahntechnologie</span>
<h1>Bruck/Mur – Graz Streckenoptimierung
</h1></div>



<p><strong>Das Projekt beschäftigt sich mit der Optimierung der Strecke Bruck-Graz.</strong></p>



<p>Unser Projekt beschäftigt sich mit der Problematik der zu langen Fahrzeit Bruck an der Mur &#8211; Graz. Die Fahrzeit beträgt aktuell 35min. Um nach der Fertigstellung des Semmeringbasistunnels und der Koralmstrecke einen Integrierten Taktfahrplan (ITF) anbieten zu können, müssen Optimierungsmaßnahmen vorgenommen werden. Dies dient dazu, dass die Züge in Bruck an der Mur, sowie Graz Hbf zur vollen und halben Stunde verkehren können. Dazu muss die Fahrzeit unter 30 Minuten betragen, damit der Fahrgastwechsel in beiden Bahnhöfen sichergestellt werden kann. Als Datengrundlage dient die Abbildung der Strecke in OpenTrack. Dieses Programm erlaubt die Simulation der Zugfahrten im Projektabschnitt. Desweiteren kann mit dieser Software die Simulation der Ausbaumaßnahmen (Tunnel, Neubaustrecke, Sicherungsanlagen, sowie sonstige Optimierungen) vorgenommen werden.</p>



<p><strong>Studiengang</strong>: Bahntechnologie und Management von Bahnsystemen<br><strong>Lehrveranstaltung</strong>: PSE<br><strong>Lehrbeauftragte(r)</strong>: Thomas Preslmayr<br><strong>Teamleader</strong>: Florian Truckendanner<br><strong>Projektmitglieder</strong>:</p>



<ul class="wp-block-list"><li>Julian Kaiblinger (bm171002)</li><li>Florian Truckendanner (bm171007)</li><li>Markus Vrana (bm171009)</li><li>Benedikt Biedermann (bm171010)</li></ul>



<ul class="wp-block-gallery columns-2 is-cropped wp-block-gallery-1 is-layout-flex wp-block-gallery-is-layout-flex"><li class="blocks-gallery-item"><figure><a href="https://projektevernissage.fhstp.ac.at/B/wp-content/uploads/2019/08/Bahntechnologie-1.jpg"><img loading="lazy" decoding="async" width="750" height="500" src="https://projektevernissage.fhstp.ac.at/B/wp-content/uploads/2019/08/Bahntechnologie-1.jpg" alt="" data-id="144" data-link="https://projektevernissage.fhstp.ac.at/B/siegerinnenteams-2019/bruck-mur-graz-streckenoptimierung/bahntechnologie-1/" class="wp-image-144" srcset="https://projektevernissage.ustp.at/B/wp-content/uploads/2019/08/Bahntechnologie-1.jpg 750w, https://projektevernissage.ustp.at/B/wp-content/uploads/2019/08/Bahntechnologie-1-300x200.jpg 300w, https://projektevernissage.ustp.at/B/wp-content/uploads/2019/08/Bahntechnologie-1-700x467.jpg 700w, https://projektevernissage.ustp.at/B/wp-content/uploads/2019/08/Bahntechnologie-1-410x273.jpg 410w, https://projektevernissage.ustp.at/B/wp-content/uploads/2019/08/Bahntechnologie-1-100x67.jpg 100w, https://projektevernissage.ustp.at/B/wp-content/uploads/2019/08/Bahntechnologie-1-275x183.jpg 275w" sizes="auto, (max-width: 750px) 100vw, 750px" /></a><figcaption> © FH St. Pölten | Felix Deschmann</figcaption></figure></li><li class="blocks-gallery-item"><figure><a href="https://projektevernissage.fhstp.ac.at/B/wp-content/uploads/2019/08/Stand_7_Bahn-1.jpg"><img loading="lazy" decoding="async" width="750" height="500" src="https://projektevernissage.fhstp.ac.at/B/wp-content/uploads/2019/08/Stand_7_Bahn-1.jpg" alt="" data-id="145" data-link="https://projektevernissage.fhstp.ac.at/B/siegerinnenteams-2019/bruck-mur-graz-streckenoptimierung/stand_7_bahn-1/" class="wp-image-145" srcset="https://projektevernissage.ustp.at/B/wp-content/uploads/2019/08/Stand_7_Bahn-1.jpg 750w, https://projektevernissage.ustp.at/B/wp-content/uploads/2019/08/Stand_7_Bahn-1-300x200.jpg 300w, https://projektevernissage.ustp.at/B/wp-content/uploads/2019/08/Stand_7_Bahn-1-700x467.jpg 700w, https://projektevernissage.ustp.at/B/wp-content/uploads/2019/08/Stand_7_Bahn-1-410x273.jpg 410w, https://projektevernissage.ustp.at/B/wp-content/uploads/2019/08/Stand_7_Bahn-1-100x67.jpg 100w, https://projektevernissage.ustp.at/B/wp-content/uploads/2019/08/Stand_7_Bahn-1-275x183.jpg 275w" sizes="auto, (max-width: 750px) 100vw, 750px" /></a><figcaption> © FH St. Pölten | Felix Deschmann</figcaption></figure></li></ul>

<p>1. Platz in der Kategorie Bahntechnologie Bruck/Mur – Graz Streckenoptimierung Das Projekt beschäftigt sich mit der Optimierung der Strecke Bruck-Graz. Unser Projekt beschäftigt sich mit der Problematik der zu langen Fahrzeit Bruck an der Mur &#8211; Graz. Die Fahrzeit beträgt aktuell 35min. Um nach der Fertigstellung des Semmeringbasistunnels und der Koralmstrecke einen Integrierten Taktfahrplan (ITF) [&hellip;]</p>
